 = -4*s + 102. Suppose -5*v + 18*v + s = 0. Determine y(v).
-7
Let p(v) = -v**2 + 6*v + 6. Let b(g) = 39*g**3 - 1. Suppose -2*r = 3 - 5. Let a be b(r). Let k = 45 - a. What is p(k)?
-1
Let m = 2 + 0. Let b(h) = -1 - 3*h - 1 + 2*h + h**m. Let j be (-9 - 72/(-10))/(3/(-5)). Determine b(j).
4
Let h(p) = p**3 - 7*p**2 + 8*p - 4. Let z = -61 - -61. Suppose -36 = -2*u - 0*u. Suppose 2*a = z, -a - u = -3*o - 2*a. Give h(o).
8
Let b be (-2)/(-84) - 1128/(-987). Let k(d) be the second derivative of -1/20*d**5 + b*d**3 - 9*d + 0*d**2 + 0 - 5/12*d**4. Determine k(-6).
-6
Let r(t) be the first derivative of t**3/3 + 7*t**2/2 - 3*t + 1435. What is r(-9)?
15
Let i(z) be the second derivative of z**4/24 - z**3 - 4*z**2 - 6*z. Let t(w) be the first derivative of i(w). Let b be -3*6/((-18)/7). Give t(b).
1
Let j(x) = x**3 + 25*x**2 - 43*x - 6. Let l(g) = g**2 - 4*g + 2. Let c(b) = j(b) - 6*l(b). Determine c(-20).
-38
Let j(y) = -276 - 18*y - 356 + 506. Calculate j(-7).
0
Let f be 0/(-1 + (4 - 1)). Let z(g) = 5*g**2 + 389*g - 74. Let i be z(-78). Suppose 0*j + 2*s - i = -j, 4*s = f. Let h(t) = -t**2 + 2*t - 3. What is h(j)?
-11
Let x(t) = 309*t**2 - 4*t - 1. Let c be x(-1). Let a = c - 307. Let y(l) = -l**2 + 3*l. What is y(a)?
-10
Suppose -11 = 26*j - 115, -k + 15 = 2*j. Let w(c) be the first derivative of 1/4*c**4 + 4*c + 0*c**3 + k - 3/2*c**2. Give w(-3).
-14
Let n(m) be the first derivative of 6*m + 3*m**2 - 63 + 1/3*m**3. Calculate n(-7).
13
Let g(p) be the third derivative of -p**5/60 + 3*p**4/8 - 13*p**3/6 - 655*p**2 - 2*p. Give g(5).
7
Let r(p) be the second derivative of p**5/20 + p**4/2 + 5*p**3/6 - p**2/2 + 4*p. Let z = -20524 + 20519. Determine r(z).
-1
Let u(p) = 3*p - 2. Let b(z) = z - 1. Let r be b(1). Let a be 3/(-9)*r + -2. Let s be 7 - (a/(-12) - 68/(-24)). Determine u(s).
10
Let q(f) = f**3 - 15*f**2 + 26*f - 7. Suppose 66*m - 1521 = -51*m. Give q(m).
-7
Let j(g) be the second derivative of g**4/6 - 31*g**3/6 + 23*g**2/2 - 282*g - 1. What is j(16)?
39
Let m(q) = 13*q. Suppose 0 = -19*z - 110 + 15. Let g be (21 - 16) + (z - 1). Give m(g).
-13
Let r(x) = -x**3 - 7*x**2 - 6*x + 5. Suppose 65 - 75 = t. Let w = 62 - 65. Let h be w/t*32/24*-15. Calculate r(h).
5
Let r = -6387 - -11736. Let f(a) = 4*a - r*a**2 + 5351*a**2 + 3 + 3*a - a. Give f(-4).
11
Let u(i) = -97*i**2 - 6 + 86*i**2 + i**3 + 7*i**2. Give u(4).
-6
Let d(p) = -8*p - 19. Let o(t) = 3*t + 9. Let i(w) = -3*d(w) - 7*o(w). Give i(-11).
-39
Suppose -5*d + 1 = -2*g, 0 = 2*g + 2*g + 3*d - 11. Let h(f) = 1 - 10 + f + g. What is h(-5)?
-12
Let k be ((-12)/8)/(-4 - (-3 + (-55)/50)). Let u(c) = c**3 + 16*c**2 + 12*c - 35. Calculate u(k).
10
Let l(w) = -1. Let n(s) = -4. Let d(i) = 5*l(i) - n(i). Let f(p) = -p + 4. Let h(r) = -3*d(r) + f(r). Determine h(-5).
12
Let d = -40 + 38. Let p be 4*((-27)/(-12))/(5 + d). Let w(j) = j**3 - p*j - 7*j + 8*j + j + 5*j**2 - 5. Calculate w(-5).
0
Let v(l) = -19*l + 144. Let u(i) = -2829*i + 21459. Let m(d) = -2*u(d) + 299*v(d). What is m(6)?
0
Let h(n) = 18*n + 20 + 0*n**3 + 801*n**2 + n**3 - 816*n**2. Calculate h(14).
76
Let n(m) = -m + 1. Suppose 3*x + y + 1 = -4*y, 11 = 3*x - y. Suppose 0 = -8*k + x*k + 10. Suppose 5*g = -2*a + 3 + 35, 0 = k*g + 3*a - 24. Determine n(g).
-5
Let v(j) = -j**3 - 2*j**2 + 3*j**2 - 6*j**2 + 3*j + 2 + j**2. Let m = 845 - 849. Calculate v(m).
-10
Let c(u) = -5*u**3 + 2*u**2 + 6*u + 4. Let a be c(-1). Let v = 10 - 9. Let x be (15/a - 6) + (-1 - v). Let z(n) = -n**2 - 2*n + 4. Calculate z(x).
-11
Let w(h) be the first derivative of h**3/3 - 17*h - 301. Determine w(6).
19
Let f(s) = -3*s**2 + 27*s + 11. Let b be f(9). Suppose -11*a - 44 = b. Let m(r) = r**3 + 5*r**2 - 2*r + 2. Determine m(a).
12
Suppose -5*v + 5*l = -340, 2*v - 5*l - 134 = -2*l. Suppose -v = 5*q - 15. Let c(t) = -t**2 - 11*t + 5. Give c(q).
5
Let x = 9673 - 9675. Let y(s) = -10*s**3 + 0*s + s**3 + 8*s**3 - 2*s - 3*s**2. What is y(x)?
0
Let q(n) = 9*n**3 - n. Suppose -2*b - 58 = 3*i, 5*i + 2*b + 90 = -3*b. Let l = i + 76. Let r = l - 55. Give q(r).
-8
Let b(w) be the third derivative of w**4/6 + w**3/6 - 6*w**2. Let d(t) = 9*t + 39. Let f be d(-4). Determine b(f).
13
Let f = 205 + -207. Let g(r) = 4*r**2 + 11*r + 9. Calculate g(f).
3
Let p(h) = 0 + 249*h**2 - 2 - 155*h**2 - 93*h**2 - 10*h. Give p(12).
22
Let q(n) = -n**3 + 7*n**2 + 12*n - 10. Let h be (((-162)/(-12))/9)/(9/(-24)). Let z be 6 + 3 + -5 - h. Give q(z).
22
Let j be 798/98 + (-2)/14. Let t(i) = -i**3 + 6*i**2 + 11*i + 32. Calculate t(j).
-8
Let a be (13/26)/((20/16)/5). Let y(j) be the third derivative of j**4/24 + j**3/3 - 10*j**2. Give y(a).
4
Let g(q) be the first derivative of -q**5/20 + 3*q**4/4 - 7*q**3/6 - 4*q**2 - 69*q - 92. Let v(l) be the first derivative of g(l). What is v(8)?
0
Let q(r) = -r**2 + r + 5. Suppose 11*i + 16*i - 108 = 0. Let f be q(i). Let o(j) = j**3 + 8*j**2 + 7*j - 5. Determine o(f).
-5
Let x(u) = -2*u**2 - 10*u - 9. Suppose -123 = -12*c - 207. Give x(c).
-37
Let z(g) = 23*g + 5. Suppose 349*p + 248 = -799. Calculate z(p).
-64
Let l(c) = 14*c + 4 + 10 + 1 - 3 + 1. Give l(3).
55
Let n(r) = r**3 + 30*r**2 + 30*r + 23. Let k(q) = q**3 - 7*q**2 + 6*q - 9. Let j be k(5). Let i be n(j). Let u(w) = w**3 + 7*w**2 + 4*w - 2. Calculate u(i).
10
Let l(u) = -u - 30. Let a be (-74232)/264 - (13/(-11) - -1). Let z = a - -281. Determine l(z).
-30
Let l(y) = -8*y - 2. Let g(j) = -4*j - 1. Let k(z) = -9*g(z) + 4*l(z). Let n be (128/(-22) + 0 - (-14)/(-77))/(-3). What is k(n)?
9
Let p(d) = -d + 1 - 12 + 13. What is p(15)?
-13
Let w(z) be the first derivative of -3*z**4/4 - z**3/3 + 3*z**2/2 - 3*z + 194. Give w(-3).
60
Let p(h) = -2*h**2 - h + 8. Let s(j) = -5*j**2 - 15*j + 17. Let f(r) = -3*p(r) + s(r). Determine f(10).
-27
Let h(w) be the first derivative of w**3/3 + 13*w**2/2 + 18*w - 120. Determine h(-7).
-24
Suppose 7*q - 738 = -724. Let w(t) = -19*t**2 - 6*t + 1. Determine w(q).
-87
Let x(p) = 3*p**3 - 61*p**2 - 41*p - 24. Let f be x(21). Let v(u) = -25*u - 92. Give v(f).
-17
Let r(b) = 5*b**2 - 28*b - 4. Let k be (-13)/(-3) + -8 + (-232)/(-24). Calculate r(k).
8
Let d(j) = -2*j**3 - 16*j**2 - 14*j + 3. Let h = 8 + 5. Let b be 144/40*5/3. Let i(n) = n**3 + 8*n**2 + 7*n - 2. Let z(w) = b*d(w) + h*i(w). What is z(-7)?
-8
Let b = -326 - -320. Let g(j) = -13*j**3 - 6*j**2 + 2*j + 19. Let i(c) = -2*c**3 - c + 2. Let z(n) = b*i(n) + g(n). Let r = -6 + -1. Give z(r).
0
Let b be 57/(-4) + 63/252 - 6/(-2). Let v(t) = -t**2 - 2*t - 3. What is v(b)?
-102
Suppose 2*w + 9 + 3 = 0. Let u = 17 - 15. Let i(b) = 9*b + 7*b**2 + b**3 - b + u + 0 - 2*b. Determine i(w).
2
Let f(a) = a**3 - 5*a**2 - 8*a + 6. Let o(g) = 5 + 3*g - 3 + 3*g + 4*g**2. Suppose 362*d = 319*d - 86. Let y be o(d). What is f(y)?
-6
Let i be (-6)/45 - (-52)/(-60). Let x(y) = 7*y + 81. Let w be x(-11). Let s(t) = -2*t - 2342 + 2343 + w*t. Give s(i).
-1
Let n be (6/(-6))/(-43 - 6144/(-144)). Let k(o) = -15*o**2 - 5*o + 9. Let l(g) = 5*g**2 + 2*g - 3. Let d(p) = -3*k(p) - 8*l(p). What is d(n)?
39
Let g = -31 - -31. Suppose g*x = -3*x + 5*x. Let l(i) = 5 + i + 8*i**2 - 9*i**2 - 12 + 0*i. Determine l(x).
-7
Let y(j) = -15*j**2 + 10*j + 12. Let c be y(-1). Let r(k) = k**3 + 12*k**2 - 13*k + 5. Determine r(c).
5
Suppose -45*s + 31*s + 42 = 0. Let j(o) = 0*o + 2 + 31*o**2 + o - s*o - 32*o**2 + 0*o. What is j(-3)?
-1
Let g(b) be the first derivative of 180 - 43*b**2 + 42*b**2 + 3*b**2. What is g(1)?
4
Let p(v) be the third derivative of v**4/24 - v**3 + 52*v**2. Suppose -4*h + 86 = -2*l, 0*l + 5*l - 5 = 0. Suppose 4*x = 54 - h. Determine p(x).
2
Let p(z) = 2*z - 1. Suppose -3*v + 4*x - 18 = 0, 0*x + x = -4*v - 24. Let o be ((24/5)/v)/((-4)/(-10)). Determine p(o).
-5
Let j(d) = 5*d**2 - 7*d + 4. Suppose 13*k - 9*k - 4*f - 28 = 0, -4 = 3*k + 2*f. What is j(k)?
10
Let s = 61 - 56. Let d(b) = -2 - 8*b - 2*b**2 + b**2 + 4*b + 5 + s. Let n(m) = -m - 2. Let j be n(5). Give d(j).
-13
Let i(y) = -y**3 + 16*y**2 + 37*y - 25. Let x be 7 - -2 - (89 + -98). Give i(x).
-7
Let u(a) be the third derivative of -a**6/120 + 11*a**5/60 - 7*a**4/8 + 5*a**3/3 + 475*a**2. Determine u(8).
34
Let s(w) = 4*w**2 - 6*w + 13. Let v(d) = -d**2 - 355*d - 7323. Let c be v(-22). What is s(c)?
31
Let a(i) = -i**2 + 5*i + 3. Suppose 3*y + 83 = -46. Let p = -42 - y. Suppose -4 - 